{"id":570,"date":"2015-08-04T22:05:49","date_gmt":"2015-08-05T04:05:49","guid":{"rendered":"http:\/\/agiltools.com\/blogsp\/?page_id=570"},"modified":"2016-09-13T08:50:14","modified_gmt":"2016-09-13T14:50:14","slug":"ple_colas1","status":"publish","type":"page","link":"https:\/\/agiltools.com\/blogsp\/tutoriales\/ple_colas1\/","title":{"rendered":"Modelo de Colas 1"},"content":{"rendered":"<div id=\"dslc-theme-content\"><div id=\"dslc-theme-content-inner\"><p>El siguiente es el primer tutorial para construir un modelo simple de colas.<\/p>\n<h2>Enunciado<\/h2>\n<p>Unos mec\u00e1nicos llegan a una media de 10 por hora a recoger piezas de repuesto. Estas piezas se las da un dependiente pagado a $5\/hora y que tarda como media 5 min en servir, Cada hora que tiene que esperar un mec\u00e1nico (en el sistema) le cuesta al taller $10. Queremos saber si merece la pena contratar a un ayudante del dependiente, pagado con $4\/hora, de forma que el tiempo medio de servicio se reduzca a 4 min<\/p>\n<p>A continuaci\u00f3n encontrar\u00e1 un documento con la descripci\u00f3n paso a paso de como resolver este caso de forma anl\u00edtica y luego utilizando AnyLogic.<\/p>\n<p><iframe width=\"668\" height=\"714\" style=\"border: 1px solid #CCC; border-width: 1px; margin-bottom: 5px; max-width: 100%;\" src=\"\/\/www.slideshare.net\/slideshow\/embed_code\/key\/LjU8KNS6EH8YPg\" frameborder=\"0\" marginwidth=\"0\" marginheight=\"0\" scrolling=\"no\" allowfullscreen=\"allowfullscreen\"> <\/iframe><\/p>\n<div style=\"margin-bottom: 5px;\"><strong> <a title=\"Tutorial AnyLogic PLE: Colas 1\" href=\"\/\/www.slideshare.net\/GilJGH\/tutorial-anylogic-ple-colas-1\" target=\"_blank\">Tutorial AnyLogic PLE: Colas 1<\/a> <\/strong> from <strong><a href=\"\/\/www.slideshare.net\/GilJGH\" target=\"_blank\">Alvaro Gil<\/a><\/strong><\/div>\n<p>&nbsp;<\/p>\n<p>Adicionalmente usted encontrar\u00e1\u00a0los archivos de soporte en el siguiente link (<a href=\"http:\/\/agiltools.com\/Resources\/PLE_Colas1.zip\">descargar modelo<\/a>).<\/p>\n<p>&nbsp;<\/p>\n<p><a title=\"index AL\" href=\"http:\/\/agiltools.com\/blogsp\/?p=53\">Regresar al \u00edndice<\/a><\/p>\n<p>Siguiente: Tutorial 2\u00a0-\u00a0<a href=\"http:\/\/agiltools.com\/blogsp\/tutoriales\/ple_colas2\/\">Centro de Copiado<\/a><\/p>\n<div class=\"sharedaddy sd-sharing-enabled\"><div class=\"robots-nocontent sd-block sd-social sd-social-icon-text sd-sharing\"><div class=\"sd-content\"><ul><li class=\"share-twitter\"><a rel=\"nofollow noopener noreferrer\" data-shared=\"sharing-twitter-570\" class=\"share-twitter sd-button share-icon\" href=\"https:\/\/agiltools.com\/blogsp\/tutoriales\/ple_colas1\/?share=twitter\" target=\"_blank\" title=\"Click to share on Twitter\"><span>Twitter<\/span><\/a><\/li><li class=\"share-facebook\"><a rel=\"nofollow noopener noreferrer\" data-shared=\"sharing-facebook-570\" class=\"share-facebook sd-button share-icon\" href=\"https:\/\/agiltools.com\/blogsp\/tutoriales\/ple_colas1\/?share=facebook\" target=\"_blank\" title=\"Click to share on Facebook\"><span>Facebook<\/span><\/a><\/li><li class=\"share-end\"><\/li><\/ul><\/div><\/div><\/div><\/div><\/div>","protected":false},"excerpt":{"rendered":"<p>El siguiente es el primer tutorial para construir un modelo simple de colas. Enunciado Unos mec\u00e1nicos llegan a una media de 10 por hora a recoger piezas de repuesto. Estas piezas se las da un dependiente pagado a $5\/hora y que tarda como media 5 min en servir, Cada hora que tiene que esperar un [&hellip;]<\/p>\n<div class=\"sharedaddy sd-sharing-enabled\"><div class=\"robots-nocontent sd-block sd-social sd-social-icon-text sd-sharing\"><div class=\"sd-content\"><ul><li class=\"share-twitter\"><a rel=\"nofollow noopener noreferrer\" data-shared=\"sharing-twitter-570\" class=\"share-twitter sd-button share-icon\" href=\"https:\/\/agiltools.com\/blogsp\/tutoriales\/ple_colas1\/?share=twitter\" target=\"_blank\" title=\"Click to share on Twitter\"><span>Twitter<\/span><\/a><\/li><li class=\"share-facebook\"><a rel=\"nofollow noopener noreferrer\" data-shared=\"sharing-facebook-570\" class=\"share-facebook sd-button share-icon\" href=\"https:\/\/agiltools.com\/blogsp\/tutoriales\/ple_colas1\/?share=facebook\" target=\"_blank\" title=\"Click to share on Facebook\"><span>Facebook<\/span><\/a><\/li><li class=\"share-end\"><\/li><\/ul><\/div><\/div><\/div>","protected":false},"author":1,"featured_media":0,"parent":53,"menu_order":2,"comment_status":"open","ping_status":"open","template":"","meta":{"_mi_skip_tracking":false,"spay_email":""},"jetpack_likes_enabled":true,"jetpack_sharing_enabled":true,"_links":{"self":[{"href":"https:\/\/agiltools.com\/blogsp\/wp-json\/wp\/v2\/pages\/570"}],"collection":[{"href":"https:\/\/agiltools.com\/blogsp\/wp-json\/wp\/v2\/pages"}],"about":[{"href":"https:\/\/agiltools.com\/blogsp\/wp-json\/wp\/v2\/types\/page"}],"author":[{"embeddable":true,"href":"https:\/\/agiltools.com\/blogsp\/wp-json\/wp\/v2\/users\/1"}],"replies":[{"embeddable":true,"href":"https:\/\/agiltools.com\/blogsp\/wp-json\/wp\/v2\/comments?post=570"}],"version-history":[{"count":10,"href":"https:\/\/agiltools.com\/blogsp\/wp-json\/wp\/v2\/pages\/570\/revisions"}],"predecessor-version":[{"id":1213,"href":"https:\/\/agiltools.com\/blogsp\/wp-json\/wp\/v2\/pages\/570\/revisions\/1213"}],"up":[{"embeddable":true,"href":"https:\/\/agiltools.com\/blogsp\/wp-json\/wp\/v2\/pages\/53"}],"wp:attachment":[{"href":"https:\/\/agiltools.com\/blogsp\/wp-json\/wp\/v2\/media?parent=570"}],"curies":[{"name":"wp","href":"https:\/\/api.w.org\/{rel}","templated":true}]}}